omposite?
False
Is 124353053717 a composite number?
False
Is 25014881483 a composite number?
False
Is 2785523567 composite?
False
Is 1840321473 a composite number?
True
Is 147214618697 a composite number?
True
Is 260672057 a prime number?
True
Is 2050496477 prime?
False
Is 209371177 a prime number?
True
Is 1270018511 prime?
False
Is 44137894909 composite?
True
Is 224729686585 a composite number?
True
Is 171377306627 a prime number?
True
Is 32046572609 a prime number?
True
Is 17472443853 prime?
False
Is 1751388293 composite?
True
Is 3220198889 composite?
True
Is 28521920177 composite?
False
Is 14879375923 composite?
False
Is 96172361567 a composite number?
False
Is 1837680233 a composite number?
True
Is 466978277 prime?
False
Is 107324439 composite?
True
Is 162966103691 a composite number?
False
Is 15289708271 prime?
True
Is 174917812709 composite?
False
Is 71407201 a prime number?
True
Is 548169827 prime?
True
Is 4858236917 composite?
False
Is 1660862611 composite?
False
Is 19937977309 a prime number?
True
Is 536563549 a composite number?
False
Is 763048101 composite?
True
Is 5631044929 a composite number?
True
Is 578336401 a composite number?
False
Is 516662257 composite?
False
Is 6950116933 composite?
False
Is 3485886035 prime?
False
Is 621178379 a prime number?
True
Is 1923703451 a composite number?
False
Is 8015972251 a prime number?
False
Is 48484802123 a prime number?
True
Is 4161311173 composite?
True
Is 2267577571 composite?
True
Is 161950909 composite?
True
Is 844652597 a prime number?
False
Is 402462793 prime?
False
Is 84953059 prime?
True
Is 13592123701 a composite number?
True
Is 9790878001 composite?
True
Is 11392513037 a composite number?
False
Is 262520029 composite?
False
Is 2946731423 a composite number?
True
Is 708421583 composite?
True
Is 10214339107 composite?
True
Is 12909188157 a composite number?
True
Is 14131084963 a composite number?
False
Is 64562971657 prime?
True
Is 2235832862 composite?
True
Is 332841581 a composite number?
False
Is 4641469873 a prime number?
True
Is 2204980285 a prime number?
False
Is 673249219 composite?
False
Is 1489172491 a composite number?
False
Is 571867691 prime?
True
Is 116733749 prime?
False
Is 70940739787 prime?
True
Is 134394158653 a composite number?
True
Is 9385121701 a composite number?
False
Is 13501530443 a composite number?
False
Is 190584214663 a composite number?
False
Is 1302898169 a composite number?
False
Is 643035947 composite?
True
Is 208913777129 composite?
False
Is 93844679 a prime number?
True
Is 1146560249 composite?
False
Is 61913879371 a composite number?
False
Is 9270109393 a prime number?
True
Is 156606360553 a prime number?
True
Is 122892750569 prime?
True
Is 20311624159 a composite number?
False
Is 32810632565 a composite number?
True
Is 5417833501 composite?
False
Is 13591694513 composite?
True
Is 85228987 a composite number?
False
Is 1483968823 a composite number?
True
Is 2567037241 composite?
True
Is 6049546001 prime?
True
Is 22611092683 composite?
True
Is 141423523 a composite number?
False
Is 15602887511 composite?
True
Is 12927942647 prime?
False
Is 1829582849 a composite number?
True
Is 84984785503 prime?
True
Is 31687554841 prime?
True
Is 363295315 a prime number?
False
Is 2166528431 a composite number?
False
Is 269439130483 prime?
True
Is 6825236081 composite?
True
Is 290289649 composite?
True
Is 1096328131 composite?
False
Is 458000483 composite?
False
Is 1547603 prime?
True
Is 618680417 composite?
True
Is 783198151 a prime number?
True
Is 3966210203 a composite number?
True
Is 115024679069 a prime number?
False
Is 19472924153 a composite number?
True
Is 53848045001 composite?
False
Is 161954206679 a prime number?
True
Is 1011670193 prime?
True
Is 1386480083 a prime number?
False
Is 7278878687 a composite number?
True
Is 1068509399 a composite number?
False
Is 27312564823 prime?
False
Is 15763827353 composite?
False
Is 55546130665 composite?
True
Is 23570304011 composite?
True
Is 794686667 composite?
True
Is 2140929589 a prime number?
False
Is 141703063 composite?
True
Is 75841917 prime?
False
Is 73475281 a composite number?
True
Is 2686158703 a prime number?
True
Is 6939558419 prime?
True
Is 433518857 a composite number?
False
Is 90251989 composite?
True
Is 45295007 composite?
False
Is 30640019 a composite number?
False
Is 5205989909 composite?
False
Is 74023009261 composite?
True
Is 1667557637 a prime number?
True
Is 1139139973 prime?
False
Is 95726776403 composite?
True
Is 2842494415 prime?
False
Is 4219324511 a prime number?
True
Is 2373337199 a prime number?
True
Is 231212713 prime?
True
Is 1014943907 a prime number?
True
Is 37098045401 a prime number?
True
Is 47790013 composite?
False
Is 61835911 composite?
True
Is 573808549 a composite number?
True
Is 1253289959 a composite number?
False
Is 27959010247 prime?
False
Is 1065619339 a prime number?
False
Is 318943687043 a prime number?
True
Is 36402675649 composite?
True
Is 359089597 a prime number?
True
Is 1241584567 prime?
True
Is 870679945 a composite number?
True
Is 1775673751 a prime number?
False
Is 10252014739 composite?
False
Is 5167261651 a composite number?
False
Is 1975025189 composite?
False
Is 7104096583 prime?
True
Is 41756965115 a composite number?
True
Is 254689273 composite?
True
Is 6746366171 prime?
False
Is 5967593117 prime?
False
Is 520179727 prime?
True
Is 19743711269 a prime number?
False
Is 9189744337 composite?
True
Is 378085507 a prime number?
False
Is 238216707961 composite?
False
Is 476342382179 a prime number?
True
Is 21979881613 composite?
True
Is 1125134441 prime?
True
Is 73432159369 a composite number?
False
Is 368034629 a prime number?
True
Is 498791 composite?
False
Is 37157503 composite?
True
Is 817541027 a prime number?
False
Is 4594234483 a composite number?
True
Is 561188321 prime?
False
Is 226645934 composite?
True
Is 89260645291 composite?
False
Is 47704960517 prime?
True
Is 12102881167 a composite number?
True
Is 28980702661 a composite number?
True
Is 16423446587 composite?
False
Is 2853535021 composite?
False
Is 4757825837 a composite number?
True
Is 772206319 prime?
True
Is 72301934471 prime?
False
Is 4921642977 composite?
True
Is 71151383 prime?
True
Is 5283733219 prime?
True
Is 140155273 a prime number?
False
Is 11628458741 composite?
True
Is 1018380523 a prime number?
True
Is 45446244302 composite?
True
Is 9878334905 prime?
False
Is 404454119 a prime number?
True
Is 33519910363 a composite number?
False
Is 1121985337 composite?
True
Is 243180797 composite?
False
Is 25136587097 a composite number?
False
Is 542796587 a prime number?
False
Is 2251346747 a composite number?
True
Is 6814156471 composite?
False
Is 424905337 a prime number?
True
Is 1702167583 a composite number?
True
Is 5514654037 a composite number?
True
Is 12483404173 prime?
True
Is 15694546367 a prime number?
False
Is 621192469 composite?
True
Is 121224330523 a composite number?
True
Is 2481315037 prime?
False
Is 22912657991 a composite number?
True
Is 6773083657 composite?
False
Is 136706898637 composite?
False
Is 37381752137 prime?
False
Is 17241157 prime?
False
Is 3563346643 a prime number?
True
Is 695430563 composite?
False
Is 4431349123 prime?
True
Is 86158625627 a composite number?
True
Is 40972731893 prime?
False
Is 14625444853 prime?
True
Is 40099528993 a prime number?
True
Is 1098512891 a composite number?
True
Is 10202737271 composite?
False
Is 386125583 composite?
True
Is 37584025009 composite?
False
Is 10166883073 prime?
False
Is 901415391 composite?
True
Is 210545809 a prime number?
True
Is 17972057119 prime?
True
Is 4943731097 composite?
False
Is 9407955953 a composite number?
True
Is 21432627109 composite?
True
Is 74393643381 a composite number?
True
Is 171937876697 a composite number?
True
Is 1752186979 a composite number?
False
Is 42330911171 a composite number?
False
Is 290611474 a prime number?
False
Is 117652740053 prime?
True
Is 6011107 a prime number?
False
Is 6201774881 prime?
True
Is 14503435151 composite?
True
Is 5642841593 prime?
True
Is 1208315411 a composite number?
True
Is 135136961 prime?
False
Is 245211227 a composite number?
True
Is 6470629679 composite?
False
Is 30031380583 a composite number?
True
Is 32299996609 prime?
True
Is 569549191 composite?
False
I